hat are the prime factors of 1 - (-584 + (-15)/(-15))?
2, 73
Let i(d) = -d**2 + 32*d + 15. Let v(u) = 4*u**2 - 96*u - 45. Let l(r) = -7*i(r) - 2*v(r). Let s = -2702 + 2680. List the prime factors of l(s).
5, 41
Let u(g) = -4839*g + 146. List the prime factors of u(-3).
11, 31, 43
Let m(u) = 683*u**2 + 8*u + 212. List the prime factors of m(-6).
2, 7, 13, 17
Suppose 0 = 5*t + 31 - 41. Suppose i - 1167 = -t*l, -2*l + i + 1170 = 3*i. What are the prime factors of l?
2, 3, 97
Suppose 2*f - 19*z - 15 = -24*z, -12 = -4*f - 4*z. Suppose -26*d - 2*d + 45136 = f. List the prime factors of d.
2, 13, 31
Suppose -3695 - 213701 = -45*q - 12511. List the prime factors of q.
29, 157
Let b(q) = 893*q**2 - 218*q - 1345. List the prime factors of b(-6).
163, 197
Let i(o) = 1201*o**3 + 5*o**2 - 5*o + 1. Let x be i(1). Let s = -284 + x. List the prime factors of s.
2, 3, 17
List the prime factors of (2/2 + 4)*(-3 + 27042/30).
2, 1123
Suppose 14 = m - 618. Let l(f) = -2*f - 438. Let y be l(-9). Let b = m + y. What are the prime factors of b?
2, 53
Suppose 40*f - 77 = 29*f. Suppose 0 = 3*c - 5*j - 3560, 2*c = 12*j - f*j + 2365. What are the prime factors of c?
5, 239
What are the prime factors of (-200)/900 + (-28973)/(-9)?
3, 29, 37
Suppose 103*b + 40586 = 116*b. What are the prime factors of b?
2, 7, 223
Let d(t) be the third derivative of t**7/720 + t**6/240 - 13*t**5/60 - 20*t**2. Let x(r) be the third derivative of d(r). What are the prime factors of x(10)?
73
Suppose 3144 = 10*i - 3066. Suppose 2*h = -t + i, t + 0 = -3. Suppose 4*l - h = b, 4*l - 320 = 2*b + b. List the prime factors of l.
7, 11
Let x be (-4445)/(-14) - -7 - 2/4. Suppose -320*v = -x*v + 2316. List the prime factors of v.
3, 193
List the prime factors of 10/(250/(-75))*-9780.
2, 3, 5, 163
Suppose 4*n - 3*j = 47281, 11129 = 2*n - 3*j - 12516. What are the prime factors of n?
2, 19, 311
Let f be (-2)/8 - 369/12. Let r = f - -35. Suppose -r*x + 0 = -8. What are the prime factors of x?
2
Suppose -2*r - 5*r + 147 = 0. Suppose 75 = 3*v + r. What are the prime factors of v/72 + 415/4?
2, 13
Let t = -8620 + 17421. What are the prime factors of t?
13, 677
Let n = 241 - 155. Let k = n + -81. Suppose -k*z + 9*z - 816 = 0. What are the prime factors of z?
2, 3, 17
Suppose -3*s = -2*z + 11203, 3*z + 114*s - 116*s = 16797. What are the prime factors of z?
29, 193
Let g = 12227 - 5697. List the prime factors of g.
2, 5, 653
Let b = 15026 - 7365. What are the prime factors of b?
47, 163
Let x be (1 - 21)/(14/(-812)). Suppose -3*r + 2*h + 1139 = 0, -3*r + x = -h + 19. List the prime factors of r.
3, 127
Let c be 496538/348 + (-10)/12. Suppose 4*s - 4 = -12, 3*s + c = 5*z. List the prime factors of z.
2, 71
Suppose -h = -3*z - 1962, -227*z + 226*z = -2*h + 3934. List the prime factors of h.
2, 3, 41
Let m(y) = 1787*y**2 - 86*y - 485. What are the prime factors of m(-5)?
2, 5, 23, 97
Let s be 42/14 - (-1 - 0). Suppose 0 = -s*q + 1198 - 166. List the prime factors of q.
2, 3, 43
Let v(u) = -u**2 + 14*u - 27. Let z = -32 + 34. Let m(k) = -5*k**2 + 69*k - 135. Let b(o) = z*m(o) - 11*v(o). List the prime factors of b(18).
3, 7
Suppose -4*m + 2*w + 8 = 0, 8 + 2 = 5*m + 3*w. Suppose m*q = 49 + 245. List the prime factors of q.
3, 7
Let y(t) = 57219*t**2 + 54*t + 59. What are the prime factors of y(-1)?
2, 23, 311
Let t(b) = -106*b**2 + 7*b + 80. Let v(f) = 35*f**2 - 2*f - 27. Let u(y) = -6*t(y) - 17*v(y). What are the prime factors of u(-2)?
3, 53
Let i = -147975 - -222960. What are the prime factors of i?
3, 5, 4999
Suppose 5*p = -k - k + 11369, -4*p - 3*k + 9098 = 0. List the prime factors of p.
2273
Let x = -14 - -311. Suppose 2*j - 934 = 5*h, -5*h - x + 2135 = 4*j. What are the prime factors of j?
2, 3, 7, 11
Let h(s) = s**3 + s**2 - 4*s - 4. Let q be h(-1). Suppose -3*f - 2*x + 55 = 0, -3*f + q*x = -2*x - 59. List the prime factors of f.
19
Let n = 10775 - 5830. List the prime factors of n.
5, 23, 43
Suppose 4*u - 240 = -4*r, -112 = -2*r - 0*r + 2*u. Suppose 5*j = -4*k - 8 + r, j - 3*k = -9. List the prime factors of (26 + -1)/((-1)/j*-2).
3, 5
Let p(u) = u**3 + 17*u**2 + 4*u + 2. Let f(d) = -d**3 - 18*d**2 - 5*d - 2. Let l(x) = 6*f(x) + 5*p(x). What are the prime factors of l(-23)?
2, 3, 19
Suppose -2*u - 3*g - 2847 = -18912, 3*g + 24090 = 3*u. What are the prime factors of u?
3, 2677
Let n(d) = 16*d - d + 3*d**2 + 16 + d**3 + 5*d**2 - 6*d. Let h be n(-7). Suppose -5*a - 41 = -f, 0 = -f - h*a + 8 + 12. List the prime factors of f.
2, 13
Let n(q) = q**3 - 2*q**2 - 5*q + 4. Let c be n(4). List the prime factors of (-3)/(((-18)/c)/(1410/40)).
2, 47
Let y = 125171 + -39147. List the prime factors of y.
2, 10753
List the prime factors of 73181/11 + 320/1760.
6653
Suppose -2*k - t + 17 = -54, 0 = 5*k + 3*t - 176. Suppose -k*h = -51*h + 6762. List the prime factors of h.
3, 7, 23
Let h(y) = 5*y - 25. Let z be h(5). List the prime factors of z*(-6)/12 - -1*434.
2, 7, 31
Let w be ((-87)/(-232))/((-6)/(-8))*3082. Let c = w + -723. What are the prime factors of c?
2, 409
Let d(v) = v**2 - 11*v + 1. Let s be d(9). Let f(r) = 4*r - 7*r - 34 - r. What are the prime factors of f(s)?
2, 17
Let r(q) = 794*q + 598. List the prime factors of r(12).
2, 61, 83
Suppose -126495 = -3*w - 26*w + 2*w. List the prime factors of w.
5, 937
Let m = -4385 + 8681. What are the prime factors of m?
2, 3, 179
Let s = 2754 - 797. List the prime factors of s.
19, 103
Let u(y) = -y**3 - 6*y**2 - 9*y - 10. Let g be u(-7). Let t = 82 + 39. Let k = t - g. What are the prime factors of k?
19
Let h(r) = 42*r**2 + 242*r + 4330. What are the prime factors of h(-19)?
2, 11, 677
Let b = 78 - 75. Suppose 420 = b*h + 3*r, 5*h + 2*r = 779 - 94. Suppose -2*x - h = -m, -8 = -0*x + 4*x. What are the prime factors of m?
131
Let c = 8349 + 14803. What are the prime factors of c?
2, 1447
Let j(t) = 3*t + 38. Let r(m) = -2*m - 38. Let u(p) = -4*j(p) - 5*r(p). Let c be u(20). List the prime factors of (-1726)/(-14) + c/7.
3, 41
Let l = 9220 + -3113. Suppose -2*c - 7637 = -5*b, 2*c - c = -4*b + l. What are the prime factors of b?
3, 509
Let j(n) = 3*n**3 + 1. Let d be j(5). Suppose t = 4*x + 17, 0*x - t - 28 = 5*x. List the prime factors of 7/(28/d) - x.
3, 11
Let y(n) = n**3 + 15*n - 10. Let u(h) = h**2 + 1. Let l(d) = -6*u(d) + y(d). List the prime factors of l(12).
2, 257
Suppose 0 = -5*k + 24*k - 57. Suppose -4*w + 444 + 134 = 5*r, -k*w = 4*r - 433. What are the prime factors of w?
3, 7
Let j(z) = z**2 + 3*z - 29. Let l be j(-8). Suppose -l*h + 7*h = -3*u + 587, -3*h = -5*u + 993. List the prime factors of u.
3, 67
Suppose 0 = -3*y - 252 + 219. What are the prime factors of 4 - -423 - (y - -2)?
2, 109
Suppose 6 = -y - 4*s + 172, -s = 4*y - 634. Let b = y + 178. List the prime factors of b.
2, 3, 7
Let q(v) = -2*v**3 + 67*v**2 + 16*v - 55. What are the prime factors of q(33)?
2, 11, 71
Let v be 23/(-4) + 5/(-20). Let j be (v/(-4))/((-8)/(-16)). List the prime factors of 104/j - 4*5/30.
2, 17
Let k = 2039 + 27288. What are the prime factors of k?
29327
Let f(g) = 113*g**2 + 30*g + 10. List the prime factors of f(-3).
937
Suppose 129 - 15 = 6*n. Suppose 4 = -5*f + n. Let z(w) = 5*w**3 - 4*w**2 + w + 6. What are the prime factors of z(f)?
2, 3
Suppose -4*n + 2*n = 4*q - 42, -2*q = 2*n - 44. Suppose -n*c + 43*c = 14240. What are the prime factors of c?
2, 89
Let a = -619 + 1108. Suppose 2*d = 229 + a. What are the prime factors of d?
359
Suppose -4*r - 4*o = -12, 3*r - o - 1 = 16. Suppose 0 = -2*h - r*v + 1689, 1639 = h + h - 5*v. Suppose h = -0*f + 8*f. What are the prime factors of f?
2, 13
Let y(h) = -12*h - 11. Let q(d) = 7*d + 6. Let l(x) = -5*q(x) - 3*y(x). What are the prime factors of l(-1)?
2
Let j(f) = -879*f + 1894. List the prime factors of j(-38).
2, 1103
Let a(s) = 3*s**2 + s - 2. Let c be a(1). Suppose -c*y + 104 = -84. What are the prime factors of y?
2, 47
Let r = 1535 + 25100. What are the prime factors of r?
5, 7, 761
Let i(m) = -27*m**2 + m - 3. Let u(d) = -d**2 + d. Suppose 0*q = 3*q + 3. Let a(l) = q*i(l) + 5*u(l). What are the prime factors of a(-1)?
3, 7
Let h be (0 - 3)*6/(-3) + -4. Suppose n = 3*y - 463, -h*y + 3*n = 3*y - 769. Suppose -x + y = -q, 5*x = -0*q - q + 757. What are the prime factors of x?
2, 19
Suppose 0 = -16*k + 9*k + 21. Su